).
-740
Let f(w) = -16*w**2 + 87*w + 1112. What is f(-8)?
-608
Let a(r) = -37*r + 3479. Determine a(93).
38
Let m(o) = -o**2 + 1545*o - 10876. Calculate m(7).
-110
Let t(y) = y**3 + 154*y**2 + 141*y + 21633. Calculate t(-154).
-81
Let q(g) = -172*g**2 + 18400*g + 512. Calculate q(107).
84
Let l(m) = m**3 + 26*m**2 - 69*m + 1495. Give l(-30).
-35
Let h(x) = -x**3 + 30*x**2 - 102*x - 144. What is h(26)?
-92
Let c(w) = 625*w - 3095. Calculate c(5).
30
Let l(b) = -b**3 + 11*b**2 + 312*b - 101. Give l(-13).
-101
Let c(v) = 623*v - 6024. What is c(10)?
206
Let v(a) = -3253*a + 71551. Give v(22).
-15
Let h(b) = -1312*b**2 + 47234*b - 90. Give h(36).
-18
Let j(i) = -i**2 + 1161*i - 13177. Determine j(11).
-527
Let u(n) = -3224*n - 42030. What is u(-13)?
-118
Let m(h) = 5*h**2 + 424*h + 342. Give m(-84).
6
Let s(l) = 9*l**2 + 2276*l + 143716. What is s(-122)?
0
Let a(u) = 1754*u - 87604. What is a(50)?
96
Let p(o) = o**3 + 120*o**2 - 3870*o - 35531. Calculate p(-145).
-6
Let f(m) = -2703*m + 29677. Calculate f(11).
-56
Let h(t) = -t**3 - 2*t**2 + 61*t - 33. Calculate h(0).
-33
Let w(j) = 197355*j - 3947083. Determine w(20).
17
Let g(z) = 8*z**3 + 863*z**2 - 1876*z - 778. Give g(-110).
-118
Let g(v) = -6353*v + 7496563. Determine g(1180).
23
Let a(n) = 4*n**3 - 128*n**2 - 232*n + 7408. Calculate a(32).
-16
Let n(a) = 4*a**2 + 53*a + 691. What is n(-13)?
678
Let c(q) = 3*q**2 + 490*q + 11729. Determine c(-25).
1354
Let n(l) = 49118*l + 5648572. Determine n(-115).
2
Let w(v) = v**2 - 896*v + 19885. What is w(23)?
-194
Let w(h) = 859606*h + 2578837. Determine w(-3).
19
Let v(q) = 3067*q + 223752. Calculate v(-73).
-139
Let r(l) = 35*l**2 + 987*l + 225. What is r(-27)?
-909
Let p(z) = -15928*z + 191139. What is p(12)?
3
Let z(q) = -194*q**2 - 158*q + 115. Calculate z(-2).
-345
Let f(v) = -v**2 - 7710*v - 145912. Give f(-19).
217
Let t(q) = q**3 + 974*q**2 + 228890*q + 1171. Calculate t(-578).
15
Let c(w) = -w**2 - 80*w - 200. Calculate c(-19).
959
Let q(t) = 357*t + 318447. Give q(-892).
3
Let s(z) = -z**3 - 12*z**2 - 125*z - 1445. Give s(-11).
-191
Let w(d) = -d**3 + 22*d**2 - 23*d - 22. Calculate w(4).
174
Let l(t) = -8*t**3 + 4*t**2 - 227*t + 757. Determine l(3).
-104
Let s(z) = 2*z**3 - 11*z**2 + 2190*z - 8708. Determine s(4).
4
Let p(m) = 1750*m - 642249. Determine p(367).
1
Let l(o) = -o**3 + 47*o**2 - 549*o + 7860. Give l(38).
-6
Let s(b) = 3941*b - 31529. Give s(8).
-1
Let l(b) = -9*b**3 + 69*b**2 + 156*b - 30. Give l(-2).
6
Let b(f) = 20*f**2 - 23510*f - 23509. What is b(-1)?
21
Let k(a) = a**2 - 2487*a - 42436. Determine k(-17).
132
Let h(u) = -8*u**2 - 4229*u + 1368. Give h(-529).
-219
Let l(b) = -33*b**2 + 5197*b - 12624. Determine l(155).
86
Let m(l) = l**3 - 15*l**2 + 39394*l - 314701. Calculate m(8).
3
Let p(w) = 14644*w - 2489500. What is p(170)?
-20
Let g(v) = v**3 + 9*v**2 - 116*v - 1041. Give g(-11).
-7
Let f(x) = -13*x**2 - 154*x + 482. Determine f(3).
-97
Let k(u) = -10*u**2 + 83*u + 25. Determine k(9).
-38
Let r(q) = 1781*q + 102219. What is r(-56)?
2483
Let u(l) = 19*l**3 + 3146*l**2 - 1328*l + 6. Determine u(-166).
6
Let k(x) = 681*x + 7648. Determine k(-12).
-524
Let j(z) = -2*z**3 - 16*z**2 + 12*z - 124. Determine j(-9).
-70
Let w(u) = u**2 + 1259*u + 25612. Give w(-20).
832
Let p(v) = v**3 - 69*v**2 - 124*v - 442. Calculate p(71).
836
Let u(k) = -229*k + 8696. Determine u(36).
452
Let h(p) = 6*p**3 - 9*p**2 - 10*p - 38. Give h(-5).
-963
Let j(y) = y**3 - 125*y**2 + 3094*y - 1. Determine j(34).
-1
Let q(k) = 783*k + 11371. Calculate q(-15).
-374
Let i(n) = 9*n**3 - 17*n**2 + 176*n - 931. Give i(6).
1457
Let s(w) = 3339*w - 36739. Determine s(11).
-10
Let a(u) = -162*u**2 + 2936*u + 22851. Calculate a(24).
3
Let b(l) = -16*l**2 + 466*l - 428. Calculate b(29).
-370
Let l(y) = -2*y**3 + 54*y**2 - 360*y + 138. Determine l(16).
10
Let m(r) = 351*r**2 - 3182*r + 216. What is m(9)?
9
Let g(l) = 2*l**3 - 2*l**2 - 460*l + 2324. Give g(5).
224
Let x(q) = 69580*q - 2017798. Determine x(29).
22
Let o(w) = -2*w**2 - 84*w - 176. Give o(-37).
194
Let w(c) = 7967*c + 3755. Calculate w(0).
3755
Let w(u) = 33*u**3 + 2*u**2 + u - 3. What is w(-2)?
-261
Let d(j) = -9371*j - 74846. What is d(-8)?
122
Let r(t) = 78*t**2 + 41105*t - 521. Determine r(-527).
6
Let a(d) = -d**3 - 23*d**2 + 185*d + 65. What is a(-29)?
-254
Let q(h) = h**2 - 376*h - 27652. Calculate q(-63).
5
Let j(i) = 1363007*i + 14993073. Give j(-11).
-4
Let p(q) = -17973*q + 287586. Determine p(16).
18
Let x(u) = -633*u - 16933. Determine x(-27).
158
Let s(d) = -21*d**3 - 1937*d**2 - 455*d + 474. Give s(-92).
14
Let s(c) = -810*c**2 + 12846*c + 1. Give s(16).
-1823
Let y(z) = -2024*z + 10482. Determine y(4).
2386
Let z(y) = 1528*y**2 + 1524957*y + 12985. Give z(-998).
11
Let h(g) = 17*g**2 + 25*g - 109. Give h(-3).
-31
Let l(s) = -5109*s + 168610. What is l(33)?
13
Let r(v) = v**3 - 10*v**2 + 1149*v - 9006. Give r(8).
58
Let n(q) = -q**2 - 13168*q - 171026. Give n(-13).
-11
Let r(k) = 12*k**2 + 426*k + 8. Calculate r(-17).
-3766
Let i(m) = -8*m**2 - 526*m + 12264. Determine i(-84).
0
Let m(g) = 10*g**2 - 656*g - 1461. Calculate m(68).
171
Let z(g) = 19*g**3 + 265*g**2 - g + 177. Calculate z(-14).
-5
Let z(m) = -7769*m + 2276301. Determine z(293).
-16
Let m(z) = -z**2 - 692*z + 1422848. Determine m(896).
0
Let h(n) = -471*n**2 - 7085*n - 6880. What is h(-14)?
-6
Let x(c) = 3102*c - 68292. Calculate x(22).
-48
Let p(s) = -32172*s - 1447769. Give p(-45).
-29
Let j(u) = -5*u**2 + 1326*u + 42320. Calculate j(294).
-16
Let f(q) = -11700*q + 210608. Give f(18).
8
Let p(t) = -48240*t + 385921. What is p(8)?
1
Let y(u) = 5071*u + 654165. Give y(-129).
6
Let q(j) = 3*j**3 - 515*j**2 - 237*j + 11185. Calculate q(172).
5
Let v(j) = j**3 + 15*j**2 + 46*j + 1236. What is v(-16)?
244
Let y(c) = -c**2 - 1345*c + 44560. Determine y(33).
-914
Let a(u) = -17995*u + 18024. What is a(1)?
29
Let o(y) = -175*y**3 - 706*y**2 - 11*y - 4. Determine o(-4).
-56
Let y(a) = -2*a**3 + 109*a**2 + 461*a - 27830. What is y(54)?
-20
Let d(h) = -3582*h - 71997. Give d(-20).
-357
Let s(a) = a**3 + 229*a**2 + 193*a - 7932. What is s(-228)?
48
Let r(v) = v**3 - 36*v**2 - 447*v + 9861. What is r(41)?
-61
Let x(q) = q**3 + 15094*q**2 - 15105*q + 10. Calculate x(1).
0
Let w(c) = 8299*c - 33163. What is w(4)?
33
Let i(v) = 6727*v - 316164. Calculate i(47).
5
Let r(y) = -109*y**2 - 5447*y - 156. Calculate r(-50).
-306
Let p(f) = 367*f**2 + 106*f + 217. Determine p(-2).
1473
Let p(i) = 7*i**3 + 5008*i**2 - 7861*i + 18628. What is p(-717)?
-14
Let n(p) = -635*p**2 + 1898*p + 10. Give n(3).
-11
Let t(c) = -24*c**2 - 637*c - 3024. Give t(-19).
415
Let i(b) = b**3 + 977*b**2 - 381514*b - 2990. Determine i(299).
0
Let d(y) = -1500242*y + 9001518. Determine d(6).
66
Let l(u) = 8756*u + 1330921. What is l(-152)?
9
Let f(y) = 105860*y + 211713. Give f(-2).
-7
Let m(y) = -3*y**3 + 17*y**2 + 27*y - 118. Calculate m(6).
8
Let d(r) = 4*r**3 - 42*r**2 + 100*r - 1333. Calculate d(11).
9
Let c(g) = g**3 - 41*g**2 - 216*g + 8. What is c(-5)?
-62
Let h(p) = -p**2 - 1533*p + 52046. What is h(33)?
368
Let u(i) = -i**3 + 1112*i**2 + 4518*i - 60266. Determine u(1116).
-2
Let w(x) = 110*x - 2075. Determine w(30).
1225
Let s(m) = -96*m - 20463. What is s(-225)?
1137
Let b(n) = -5*n**2 + 90888*n + 363561. Give b(-4).
-71
Let y(g) = -646*g + 8437. Determine y(7).
3915
Let u(o) = 2*o**3 - 21*o**2 - 253*o + 1489. Calculate u(19).
2819
Let u(i) = -2*i**2 + 57*i + 1819. What is u(34)?
1445
Let x(t) = -355*t + 2773. Calculate x(8).
-67
Let t(a) = 1115*a - 331055. Calculate t(297).
100
Let p(c) = c**3 - 4*c**2 - 133*c + 816. Determine p(5).
176
Let y(o) = -31*o**2 - 15422*o - 106355. Determine y(-7).
80
Let o(m) = 25*m**2 - 1199*m - 174. Determine o(48).
-126
Let b(a) = 2393*a + 165126. Calculate b(-69).
9
Let a(s) = -8491*s**2 + 16902*s + 147. Determine a(2).
-13
Let c(m) = 477*m + 14273. Calculate c(-30).
-37
Let n(m) = -2*m**3 - 148*m**2 + 24173*m - 161. Calculate n(-153).
-8
Let x(b) = -5*b**2 - 115*b + 351. Determine x(-53).
-7599
Let i(m) = -m**3 + 496*m**2 - 2456*m + 503. What is i(491)?
12
Let w(l) = 2*l**3 - 4*l**2 + 821*l - 2458. What is w(3)?
23
Let m(b) = 25*b**3 - 682*b**2 - 496*b - 237. Give m(28).
-13
Let b(f) = 888507*f + 4442535. Calculate b